t the prime factors of y.
2, 3, 5
Let n(c) = -2*c + 38. Let k be n(-30). Let g(i) = -i. Let u be g(0). List the prime factors of u + -4 + k - -1.
5, 19
Suppose 31*c - 148533 = 18*c - 16336. What are the prime factors of c?
10169
Let s = -10445 + 13969. List the prime factors of s.
2, 881
Suppose -22*l - 3078 - 2422 = 0. Let g = l - -333. What are the prime factors of g?
83
Let y = 38 + -36. Let h be 2/(1/y*1). Suppose -2*r - 74 = -4*x, -79 + h = -5*x - r. List the prime factors of x.
2
Let z = 11 - 15. Let k be (-12)/(-4 - z - (-2)/(-3)). Suppose -k = 9*d - 12*d. List the prime factors of d.
2, 3
Let s(l) = -l + 50. Let y be s(18). Suppose 0 = 22*p - y*p + 580. What are the prime factors of p?
2, 29
Let j(n) = -4*n**3 + n**2 - 4*n - 5. Let t be j(-1). Let a(b) = 6*b + 91. What are the prime factors of a(t)?
5, 23
Suppose -2*p + 30108 = 5*x, -p = 3*x - 3560 - 11496. List the prime factors of p.
2, 3761
Suppose -26*v + 1029840 = 21*v + 33*v. What are the prime factors of v?
3, 7, 613
Let z(a) = -a**3 - 20*a**2 + 88*a - 4. List the prime factors of z(-32).
2, 3, 263
Let g = 15 + -37. Let i be 12/66 + 2578/g. Let s = i + 132. List the prime factors of s.
3, 5
Let o be (-3)/27 - (-2584)/171. Suppose o*i = 11*i + 624. What are the prime factors of i?
2, 3, 13
Let f(r) be the third derivative of r**6/40 - r**5/20 + r**4/12 - r**3/3 + 1458*r**2. Let a be 2 + 1 + -4 + 3. List the prime factors of f(a).
2, 7
Let w = -65 + -58. Let t = -2184 - -2390. Let a = w + t. What are the prime factors of a?
83
Let y(i) be the first derivative of 36*i**3 + 9*i**2/2 - 30*i - 313. What are the prime factors of y(3)?
3, 17, 19
Let s(m) = 132*m - 33 - 9 - 125*m. Let b be s(6). Suppose 6*f = -b*f + 1134. List the prime factors of f.
3, 7
Suppose 0 = q - 4*y - 79, -q - 2*y + 2 + 53 = 0. Let h(g) = g**2 - 5*g - 19. Let d be h(-3). Suppose -d*z - q + 758 = 0. What are the prime factors of z?
139
Let a(h) = 3632*h + 8282. What are the prime factors of a(11)?
2, 3, 8039
Let l(q) be the first derivative of 5*q**2 - 47*q - 273. Suppose -2*j = -3*a - 28, -2*j + 8 = -0*j + 2*a. List the prime factors of l(j).
3, 11
Suppose 9*m = 11*m - 14. Suppose -m*d - 27 = -4*d. Let x(z) = 3*z**2 + 10*z + 11. What are the prime factors of x(d)?
2, 41
Let n = -5685 + 23024. What are the prime factors of n?
7, 2477
Suppose -23*j = -13*j. What are the prime factors of (j + (-114)/(-4))*14?
3, 7, 19
Let h = 24 - -62. Let i = 13 + h. Suppose -i = -11*t + 2123. List the prime factors of t.
2, 101
Let d(h) = 7*h**2 + 14*h + 52. Let z be d(-4). Suppose 107*l = z*l - 875. What are the prime factors of l?
5, 7
List the prime factors of 30/(31236/(-487041) + 76/1178).
3, 5, 5237
Let v = 28166 - 15024. List the prime factors of v.
2, 6571
Let d(c) = 2*c**3 + 3*c**2 - 2*c - 7. Let z be d(5). Suppose 4*g = 884 - z. List the prime factors of g.
2, 3
Suppose -5*d = -4*c - 27117, -d - 39*c + 5409 = -35*c. List the prime factors of d.
3, 13, 139
Suppose -5*m + 157640 = n, -460*m = -461*m - 5*n + 31552. List the prime factors of m.
3, 31, 113
Let v(c) = -2*c + 10. Let l be (3/(-6))/(92/24 + -4). Let y be v(l). Suppose h = 4*q + 111, 2*q - 109 = -h + y*q. List the prime factors of h.
107
List the prime factors of (0 + -1*(1 + 0))*(-765 - 17012).
29, 613
Suppose 0 = -2*u - 5*j + 1287 + 1335, -3*u + 3933 = -2*j. What are the prime factors of u?
3, 19, 23
Let y = 33167 - 12409. List the prime factors of y.
2, 97, 107
Suppose -43*o + 20 = -39*o, -q + 6311 = 4*o. List the prime factors of q.
3, 233
Let j(g) = 182*g - 6. Let o be j(2). Let r = o + -250. List the prime factors of r.
2, 3
Let p(b) = -b**2 - 2*b + 15. Let u be p(-5). Let s be -2 + (-1 - (0 - 6)). Suppose 5*j - 2*a - 122 = 328, u = -s*j - a + 259. What are the prime factors of j?
2, 11
Let v(k) be the first derivative of k**3 + 2*k + 30 - 1 - 2 - 13*k. What are the prime factors of v(7)?
2, 17
Let n be 8/32*20 - (-1)/(-1). Suppose -3*u + n*m = -3869, 4*u + 342 = -2*m + 5530. List the prime factors of u.
5, 7, 37
Suppose 2*n = -3*n + 405. List the prime factors of n/(-54) + (-250)/(-4).
61
Let t be ((-34)/85)/(1/(-5)). List the prime factors of 437 + t + -1 + (25 - 26).
19, 23
Suppose -m + 21 = -5*m + 5*a, 4*a = -3*m - 8. List the prime factors of 32/(-4*m/8).
2
Let q = 102 - 104. List the prime factors of q/8 + (-10747)/(-44).
2, 61
Suppose 5*x + 27 = 2*t, t = 4*t - 2*x - 68. Let l = -27 + t. What are the prime factors of (-85 - (l - -1))/((-2)/2)?
5, 17
Suppose 15970 = 9*s - 5378. Let p = s - 1421. What are the prime factors of p?
3, 317
Let p be 0 + 22 - (7 - 7 - 1). List the prime factors of (-924)/(-28)*(0 + p).
3, 11, 23
Suppose 0 = 22*g + 81687 - 255487. What are the prime factors of g?
2, 5, 79
Suppose -2615 - 733 = 12*t. Let v = 7 - t. What are the prime factors of v?
2, 11, 13
Let y be 724/(-8)*-2 - -1*1. Suppose 6*w - 8*w = -y. Suppose -w = -4*i + 3*q, 0*i + q - 71 = -4*i. What are the prime factors of i?
19
Suppose 3*t - 2*x = 2867, -3*x + 693 - 4517 = -4*t. What are the prime factors of t?
953
Let g(s) be the first derivative of s**3/3 + 5*s**2 - 21*s - 18. What are the prime factors of g(-21)?
2, 3, 5, 7
Let o = 185 - 183. Suppose 6*i - o*i - 796 = 0. List the prime factors of i.
199
Let h = -351 + 497. Let x = h - -131. What are the prime factors of x?
277
Suppose 65*b - 5*p = 62*b + 29984, -2*p = 8. What are the prime factors of b?
2, 11, 227
Let z(y) = -2*y**3 - 47*y**2 - 21*y + 48. Let n be z(-23). Suppose n*d - 1577 = -3*w, d + 126 = 5*w + 895. What are the prime factors of d?
2, 7
Suppose 22 = i + 21. Let d be i + (-1 - 10/(-5)). Suppose -2*w = d*w - 3*r - 192, 0 = -3*r. List the prime factors of w.
2, 3
What are the prime factors of 2572*(11 - 14 - -5)?
2, 643
Suppose -4*f + 92314 = -3*s, 4*f + s + 19856 = 112146. List the prime factors of f.
2, 83, 139
Let a be 5/(18/4 + -4). Suppose 25 = 15*y - a*y. Suppose 0 = y*c + 25, -5*w - c + 4*c = -335. What are the prime factors of w?
2
Let v = 6977 + 8508. What are the prime factors of v?
5, 19, 163
Let c be 1 - (-16)/(-4) - (-6 + 9). Let z(a) be the first derivative of -a**4/4 - a**3 - a**2/2 - 8*a + 3. List the prime factors of z(c).
2, 53
Suppose -566 + 176 = 13*o. Let i be 4/(-6) + (-152)/(-3). Let g = i + o. What are the prime factors of g?
2, 5
Let x = -1772 - -1775. Let u(v) = -14*v**3 - v - 1. Let h be u(-1). Suppose 2*m = -3*t + t + h, -x*t + 4*m + 35 = 0. What are the prime factors of t?
3
Let x(s) = -21*s + 16. Let f be x(-3). Suppose -84*i + 20 = -f*i. Suppose 160 = k + i*o, -6 = -2*k + 5*o + 249. What are the prime factors of k?
2, 5, 7
Suppose 11*g - 304 = -8*g. Suppose -g*x + 9207 = -7*x. What are the prime factors of x?
3, 11, 31
Suppose 10364 + 9861 = -25*i. Let v = i - -1160. What are the prime factors of v?
3, 13
Let l(j) = -j + 15. Let p be l(8). Let u be ((-1)/4)/(p/(-28)). Let d(f) = 74*f**2 - 2*f + 2. What are the prime factors of d(u)?
2, 37
Suppose -14 = -5*n + 6. Suppose 11*a - 687 = 8*a - n*o, 3*a = -3*o + 684. List the prime factors of a.
3, 5
Suppose 9*t - 15457 = 34376. Suppose t = 4*s + 5*d, -16*s = -15*s - d - 1391. List the prime factors of s.
2, 347
Let l = -55 - 59. List the prime factors of l/(-2)*(-84)/(-36).
7, 19
Let k(t) = -2*t**3 - 9*t**2 - 11*t + 15. Let p be k(-7). Suppose 0 = -5*m + 3*n - 869, 2*m = -3*m + 4*n - 872. Let o = m + p. What are the prime factors of o?
3, 5, 11
Let h be ((-20)/(-8))/(-1)*16/(-10). Suppose -15 = -h*d - 35. What are the prime factors of 45/10 + d - (-11)/2?
5
Let i(y) = y**2 - 75*y + 3021. List the prime factors of i(0).
3, 19, 53
Suppose 116 = -2*g - 5*r, g - 13 + 45 = 4*r. Let q be (1024/g)/((-2)/3). Suppose 0 = 5*a - 4*u - 203, 4*a + u - 122 = q. List the prime factors of a.
3, 13
Let w(m) = m**2 - 2*m + 3. Let n be w(3). Suppose -7*i + 6 = -n*i. Let v(z) = 21*z - 23. List the prime factors of v(i).
103
Let i(y) be the third derivative of 15*y**4/8 - 45*y**3/2 + 81*y**2. List the prime factors of i(15).
2, 3, 5
Let i(u) be the first derivative of 13*u**2/2 + 3*u - 1. Suppose 17*q + 128 - 162 = 0. What are the prime factors of i(q)?
29
Let m = -7453 + 13024. What are the prime factors of m?
3, 619
Let a be 1/(-4) + (36/16 - 2). Suppose a = 9*h - 163 - 4787. What are the prime factors of h?
2, 5, 11
Let p = 98 + -89